osite?
True
Let w = -93 + 31. Let k = -43 - w. Is k prime?
True
Suppose 0*o - 5*o = -1675. Is o composite?
True
Suppose 0 = -0*r + r - 407. Is r prime?
False
Let i = -6 - -116. Suppose -76 = -3*a + 2*g, i = 5*a + 4*g - 24. Let u = a - 13. Is u prime?
True
Let g = -54 + 138. Suppose g = 6*n - 2*n. Is n composite?
True
Suppose -5*w + 2*z = 38, 0*w = -4*w + 5*z - 44. Is (-580)/w + (-15)/(-45) prime?
True
Suppose 3*y - y - 118 = 0. Suppose -y = -2*v + v. Is v prime?
True
Let s(j) = j**2 + 3*j - 8. Let d(k) = -k + 2. Let g be d(-4). Is s(g) composite?
True
Let w = -344 + 1485. Is w prime?
False
Let v be (2 + (-81)/(-6))*2. Let u = v + -15. Let h = u - -37. Is h a composite number?
False
Let j(a) = a**2 + 8*a + 9. Let n be j(-6). Let s be (4*7)/(n/(-18)). Suppose 4*x - s = 20. Is x composite?
False
Suppose -d = -2*d + 1293. Is d a composite number?
True
Suppose -z + 2*d = -169, 2*d = -z - 2*z + 491. Is (-8)/(-3)*z/20 composite?
True
Let o(i) = i**2 - 4*i + 7. Let d be o(-6). Suppose b + d = 2*b. Is b prime?
True
Suppose -38 = -6*h + 4*h. Let s be (-14)/(-6) - (-3)/(-9). Is ((0 - s) + 3)*h prime?
True
Suppose -29016 = -5*n - 3661. Is n composite?
True
Let m be 22/(-3) + 22/(-33). Let q = m - -15. Is q composite?
False
Let h(f) = f**2 + f. Let x be h(0). Suppose x = -0*t + t - 103. Is t a prime number?
True
Suppose -24 = -k - 2*m, 0 = 4*k + 2*m - 0*m - 114. Is 6/k + 488/10 composite?
True
Let m be -2*((-42)/4)/3. Let d(a) = a**2 - 8*a + 9. Let j be d(m). Suppose -g + 160 = -3*i, j*i - 570 = g - 5*g. Is g composite?
True
Let t = 12 - 8. Let y(r) = 6*r**2 - 5*r - 2. Let f(g) = -6*g**2 + 6*g + 3. Let x(m) = t*f(m) + 5*y(m). Is x(-5) a prime number?
True
Let n(a) = 486*a - 5. Is n(8) composite?
True
Suppose -2*m + 4381 = 2*m - 3*a, a = m - 1094. Is m composite?
True
Let o(t) = -2*t**2 + t + 10. Let f be o(-8). Let m = f - -213. Is m prime?
False
Let i(f) = f**2 - 11*f + 16. Is i(17) a prime number?
False
Suppose -8*z = -4*z - 12. Suppose -4*j - 8 = -4*t, -7*j = -z*j - 12. Suppose 2*k + 17 = t*i - 4*i, 5*i - 99 = -4*k. Is i composite?
False
Let k be 0/2 + 0 - -37. Suppose -k = -5*h + 33. Let r = h - 1. Is r prime?
True
Let g = -16 + 22. Suppose 0 = 3*d - g*d + 147. Is d a composite number?
True
Let w(d) = 451*d**2 - 6*d - 11. Let x(r) = 90*r**2 - r - 2. Let u(p) = -2*w(p) + 11*x(p). Is u(1) composite?
False
Let l(s) = 168*s - 5. Is l(7) composite?
False
Let r(b) = 3*b - 2 - 5*b**2 + 3*b**2 + 4*b**2 - 2*b. Is r(3) a prime number?
True
Let q(d) = -28*d + 23. Is q(-12) composite?
False
Is (-46)/(-3)*((-270)/4)/(-9) a prime number?
False
Let y = -50 - -20. Let a = 45 + y. Is 473/5 + 6/a prime?
False
Let w be 5/(21/(-9) - -2). Let q be (-5)/w + (-14)/6. Is (-37)/q*(1 - -1) a composite number?
False
Let w be 1*4*5*-1. Let q = 168 + -65. Let i = w + q. Is i prime?
True
Let l be (1 - (-31 - -1))*-2. Let y = -234 - -137. Let t = l - y. Is t prime?
False
Suppose x - 2*x = m - 2, 4*m = -5*x + 8. Suppose x = 6*v - 4*v - 158. Is v a composite number?
False
Suppose 1792 = 5*y - 593. Let a = y - 121. Suppose 2*t + a + 75 = 3*i, 4*t + 147 = i. Is i a prime number?
False
Is 8 - 16/4 - -243 a composite number?
True
Let h = 3 + -1. Suppose i - 15 = -2*l, i - 2*l = h*l + 45. Suppose 5*z - i = 0, 0*c + c - 5*z = 52. Is c a composite number?
True
Let l(h) = -h**3 + 6*h**2 + 7*h + 2. Let v be l(7). Let b be (-2 - 3) + v - -1. Is (22/(-4))/(b/4) prime?
True
Let q = -24 - -11. Let l(o) = o**3 + 17*o**2 + 17*o + 14. Is l(q) composite?
True
Let f(x) be the second derivative of 5*x**4/4 - 2*x**3/3 + 3*x**2/2 + 2*x. Is f(2) composite?
True
Is 497/(((-14)/(-21))/(2/3)) a prime number?
False
Is 2 + (-15)/3 + 166 prime?
True
Suppose c - 604 = -3*c. Suppose 0 = 2*g - 0*g + 3*t - 157, 3*g + 5*t - 233 = 0. Let a = c - g. Is a a prime number?
False
Suppose -644 = -4*w + 5*i, -4*w - 5*i = 177 - 821. Is w a composite number?
True
Suppose -4*l - l + 15 = 0. Let c be (l/1)/(12/16). Suppose 2*i - 9 = -s, -i = -c*i - 3. Is s composite?
False
Let d(x) = 14*x**2 + x + 7. Is d(4) a prime number?
False
Is (3 - (5 - -3))*-173 prime?
False
Let c = 66 + 30. Let t = -59 + c. Is t a prime number?
True
Suppose 5 - 3 = y. Suppose 0*t + 226 = y*t. Is t a prime number?
True
Let h(b) = b + 1. Suppose -2*s = -4*s + 10. Is h(s) a prime number?
False
Let m be -4 + 0*(-2)/6. Is (0 + (-46)/m)*14 a prime number?
False
Suppose 2*g + 2 + 10 = 0. Let b = 9 + g. Is (-1)/b - 154/(-3) a prime number?
False
Let x be -2 + (2*-1 - -2). Let j(c) = 37*c**2 + c - 1. Is j(x) a prime number?
False
Suppose 133 + 1 = 2*x. Is x a prime number?
True
Let a(m) = 21*m**2 - 7*m - 7. Is a(-5) composite?
True
Is (-106)/(9/(252/(-8))) prime?
False
Let s(y) = 14*y**2 + 50*y - 25. Let q(f) = 9*f**2 + 33*f - 17. Let k be (-1 + 1/2)*-16. Let h(j) = k*q(j) - 5*s(j). Is h(-11) composite?
True
Let j(h) = -87*h**3 - 2*h**2 + 2*h. Let m be j(-2). Let v = m + -467. Is v a composite number?
True
Is 3*(-4)/((-48)/940) prime?
False
Suppose -h + 541 = -0*h. Is h composite?
False
Suppose 4*w - 2*d = d + 89, 3*w = 4*d + 65. Is w prime?
True
Let l = -242 + 423. Is l prime?
True
Suppose 2*v + 4 = 6*v. Is 3*(-606)/(-9) + v composite?
True
Suppose 0 = -w - 4*z + 2603 - 69, 5*z = -2*w + 5083. Is w prime?
False
Suppose -3*z = 2*d - 34, d + 4*d + 5*z = 85. Let l = d - -14. Is l a prime number?
True
Is 2292/10*(-20)/(-8) composite?
True
Suppose -4*i = -0*b - b - 12, -i - 5*b = -24. Let z(u) = 20*u - 1. Is z(i) a prime number?
True
Let q(u) = -607*u - 1. Let d be q(-2). Let f = -586 + d. Suppose 22 - f = -5*g. Is g a prime number?
False
Let z = 61 + 179. Suppose -x + 6*x + z = 0. Let a = x + 67. Is a a composite number?
False
Suppose -5*q + 10*q = 4*x, -3*q - x = -17. Let k be (-1)/(((-3)/1)/(-3)). Is (k + q)*78/9 a prime number?
False
Let w(m) = 14*m + 3. Let j be w(3). Let l = j + 1. Is l a composite number?
True
Is ((-1)/(-2))/((-329)/110 - -3) prime?
False
Let l(k) be the third derivative of -k**6/120 - k**5/60 + k**4/12 - 5*k**3/6 - 3*k**2. Let r be 12/(-10)*(-20)/(-6). Is l(r) prime?
False
Suppose -301 = 16*i - 6877. Is i composite?
True
Suppose -2*w + 15 = w. Suppose -366 = -4*t + f, w*t + 5*f = 3*t + 172. Is t prime?
False
Let m(h) = h**3 - 7*h**2 + 7*h - 6. Let p be m(6). Suppose -5*i - 12 + 47 = p. Is i a composite number?
False
Let t be 91/39*(7 - 1). Let z = t + 39. Is z prime?
True
Suppose 4*m - 3*s - 9 = 0, -m = m + 3*s + 9. Suppose -4*p + 6*j = 4*j - 22, m = -5*p + 4*j + 26. Suppose -w - p = -4*w. Is w composite?
False
Is 6 + (0 - 9) - 268/(-1) a composite number?
True
Suppose 0 = -5*g + 8 + 12. Suppose -g*q + 9 = -175. Is q a composite number?
True
Is 1/3 - 4088/(-12) a prime number?
False
Let m = 63 + 8. Is m a prime number?
True
Suppose b - 5*b - 60 = 0. Suppose -2*j - 16 = 3*s, 0 = s - j - j + 8. Let t = s - b. Is t prime?
False
Let o(x) = 57*x**3 + x**2. Let p be (-5)/((-15)/(-6)) + 3. Let f be o(p). Suppose -2*v + 164 = f. Is v a composite number?
False
Suppose 0 = -5*d + 3*d. Suppose 0 = -2*o - d*o + 154. Is o composite?
True
Let p(z) = -5*z**3 - 8*z**2 + 8*z - 8. Is p(-7) a composite number?
False
Let q = 3 - 4. Let i(c) = 40*c**3 - 6*c**2 - 6*c + 5. Let j(w) = -81*w**3 + 11*w**2 + 11*w - 9. Let p(f) = 11*i(f) + 6*j(f). Is p(q) a prime number?
True
Is ((-2055)/(-60))/(1/8) a composite number?
True
Let o(w) = -2*w - 10. Let b be o(-7). Suppose 0 = b*j - 470 - 342. Is j prime?
False
Let m(h) = 3*h**3 - h**2 + 1. Let l be m(2). Let w be 7/l - (-760)/6. Let x = w - 76. Is x composite?
True
Suppose y + 206 = 3*y - 3*t, -3*t = 4*y - 376. Is y prime?
True
Let k = 6 - 6. Suppose 2*z - 8 + k = 0. Is 2 - -89 - z/2 prime?
True
Let n be 49/35 + 2/(-5). Is (0 - n) + (-376)/(-8) a composite number?
True
Suppose -5*x + 361 = -2*x - 4*u, 5*x - 4*u = 615. Is x prime?
True
Suppose 2*o - 9 + 3 = 0. Suppose 5 = k - 2*j - 12, 53 = 4*k - o*j. Is k a prime number?
True
Suppose -3*u + 197 = 2*q, 3*q - 2*u - 86 = 177. Is q composite?
True
Suppose -u = -9*u + 304. Is u composite?
True
Let g(z) = 475*z + 7. Is g(6) prime?
True
Suppose 5*p - 2748 = -g, p - 5*p = 3*g - 8189. Is g a composite number?
True
Let t = -13 - -11. Let h(d) = -d**3 + 3*d**2 + 3*d + 1. Is h(t) composite?
True
Is (-2 - (3 + -5)) + (-447)/(-1) a prime number?
False
Suppose 0*g - 3*g = 6. Let t b